). What is the highest common factor of h and 11?
11
Let j be 21/(-9)*(-54)/6. Suppose -j*o = -18*o - 24. What is the highest common factor of o and 2?
2
Let w = 75 - 72. Let i = 0 - -2. Suppose -6 = -r + 3*q + 6, 0 = -i*r + 2*q + 12. Calculate the greatest common divisor of w and r.
3
Let n(i) be the first derivative of -12*i + 9 + 9/2*i**2 - 1/3*i**3. Let y be n(6). What is the highest common divisor of 66 and y?
6
Suppose 22*a = -196 + 724. What is the highest common divisor of a and 30?
6
Suppose -22 = 7*i - 218. Suppose 13 = -0*d - d. Let g = d + i. What is the highest common divisor of g and 10?
5
Let x(r) = 2*r + 2*r**3 + 2*r**2 - 6*r**2 + 1 - 4*r + 3*r**2. Let c be x(2). Calculate the highest common divisor of c and 36.
9
Suppose 0*d - 24 = -6*d. Suppose 53 = 3*g + d*z, 4*z + 98 = 5*g + z. Calculate the greatest common factor of 76 and g.
19
Suppose 35*s + 59*s = 9870. What is the highest common factor of s and 805?
35
Let u(p) = -7*p - 8. Let j(b) = b + 1. Let g(w) = 6*j(w) + u(w). Let s be g(-4). Let h be (-1)/s + 105/14. Calculate the highest common factor of h and 35.
7
Suppose -m + 404 = 3*k - 219, -5*m = -2*k + 404. Calculate the greatest common factor of k and 6.
3
Suppose 5*i + 5 + 0 = 3*t, 3 = t - 3*i. Suppose -306 = -t*y - 2*y. What is the highest common divisor of y and 17?
17
Let f(x) = -x**2 - 7*x + 9. Let g be f(-6). What is the highest common divisor of 135 and g?
15
Let a = 88 - 86. Suppose -5*g = 2*u + 15, 4*u + g = a*u + 5. Calculate the highest common factor of u and 45.
5
Let m = -213 + 356. Suppose -5*n - 38 = -m. Suppose 3*h = 63 - n. Calculate the highest common divisor of 7 and h.
7
Let g = 72 + -120. Let f = -47 - g. Calculate the highest common divisor of 11 and f.
1
Suppose -p + 5*c + 139 = 0, p = 4*c + 147 - 12. Calculate the highest common divisor of 7 and p.
7
Let r = -86 + 166. Let k(w) = w**2 - 5*w + 4. Let q be k(6). Calculate the greatest common factor of r and q.
10
Let o be 3/(-9) - (-5)/15. Suppose o = 2*j + 2*j - 56. Suppose 3*n = -2*f + j, n + 1 = 5*f - 0. What is the highest common factor of 16 and n?
4
Let y be 16/120 - 10119/(-45). What is the greatest common factor of 25 and y?
25
Let v = -2090 + 2150. What is the greatest common factor of 444 and v?
12
Let l(w) = w**3 + 5*w**2 + 3. Let q(k) = 3*k**3 - k - 2. Let b be q(-1). Let r be l(b). What is the highest common factor of 247 and r?
19
Let u(l) = -l**2 + 13*l + 2. Let q = 1 + 31. Let v = q - 19. Let h be u(v). What is the greatest common factor of 16 and h?
2
Let z(d) = 14*d - 6. Suppose 5*q - 9 = 1. Let f be z(q). What is the greatest common divisor of f and 110?
22
Let c(x) = -x**3 + 2*x**2 + 2*x - 1. Let a be c(2). Let t be 1 + (-2*a)/3. Let d = t + 34. Calculate the highest common divisor of d and 11.
11
Let r(q) = 104*q**2 - 4*q - 5. Let f be r(4). What is the highest common divisor of 53 and f?
53
Let j = 71 + 34. Suppose -l - 4*l = -75. What is the highest common factor of j and l?
15
Let n = -5 - -22. Let y = n + -11. Let p = -228 + 288. What is the highest common divisor of y and p?
6
Let u(z) = -z**2 - 9*z - 2. Let b = -16 + 22. Let c = -1 - b. Let p be u(c). Calculate the highest common divisor of 18 and p.
6
Let s = -1240 + 1877. Calculate the highest common factor of s and 98.
49
Let h(m) be the second derivative of 0 + m + 1/12*m**4 - 3/2*m**2 + 5/6*m**3. Let i be h(-6). What is the highest common factor of 12 and i?
3
Let z be -2 + 9 - (20/5 + -2). Suppose 3*v = -4*i + 631 + 108, 0 = z*v - 5*i - 1290. Calculate the highest common factor of v and 23.
23
Let d be 4 - (-4 + -10 - -4). Suppose 10*a + 240 = d*a. Suppose -3*c + 162 - 42 = 0. Calculate the greatest common divisor of c and a.
20
Let s be 5/(-1)*(2 + -3). Let x be ((-6)/s)/((-84)/980). Calculate the greatest common divisor of x and 21.
7
Suppose -8*h - 55 = -223. Suppose 0 = -2*s - 4*i + 6, h = 3*s + 5*i - 2*i. What is the greatest common divisor of 99 and s?
11
Suppose 0 = 2*q - 0*q + 12. Let i(z) = z**2 + 7*z + 4. Let r be i(q). Let v be ((-30)/r - 1) + -3. Calculate the highest common factor of 11 and v.
11
Suppose -13*f + 8*f = 3*t - 271, 0 = t + 2*f - 91. Calculate the greatest common divisor of 3 and t.
3
Let o = -21 - -30. Let g(k) = -k**3 + 10*k**2 - 9*k + 12. Let y be g(o). What is the greatest common factor of 108 and y?
12
Suppose 2*b - 964 = -5*d, -5*d - 584 = -8*d - 4*b. What is the greatest common factor of d and 24?
24
Suppose 0 = -3*r + 2*r + 4. Let u be r/(-18) + (-4)/(-18). Suppose u = -3*w - 5*h + 36, -h = 4*h. What is the greatest common divisor of w and 24?
12
Let s(j) = 431*j**3 + 2*j**2 - 2*j + 1. Let w be s(1). Calculate the greatest common factor of 27 and w.
27
Suppose 0 = 2*a - 5*b - 38, -3*b - 42 - 15 = -5*a. Calculate the greatest common factor of 4 and a.
1
Let j be ((-350)/(-15))/(8/12). What is the greatest common factor of 63 and j?
7
Suppose 4*p - m = -211, 2*m - 6*m - 269 = 5*p. Let c = 97 + p. What is the highest common factor of c and 110?
22
Suppose 0 = 7*i - 5*i. Suppose f - 3 = n - i*n, 3*n - 26 = -4*f. Suppose 3 - 13 = -5*j - f*k, -4*k = -5*j + 1. What is the greatest common factor of 7 and j?
1
Let l(c) = -135*c - 251. Let p be l(-5). Calculate the highest common factor of 24 and p.
8
Suppose -140 = -4*x - 20*z + 15*z, -5*z = -2*x + 100. Calculate the greatest common factor of x and 256.
8
Let v = 421 - 391. What is the highest common divisor of 225 and v?
15
Let k be ((-777)/(-74))/((-3)/(-2)). What is the highest common divisor of 126 and k?
7
Let f(a) = a**2 + 1. Let o be f(2). Suppose -o*u + 155 = -145. Calculate the highest common factor of u and 15.
15
Let w = 47 + -39. Suppose 0 = -2*u + 14 - w. What is the highest common divisor of u and 24?
3
Let u be 4/(-26) - 15800/(-1300). Calculate the highest common divisor of 5196 and u.
12
Suppose 3*x + x + 4*t = 1384, x - t - 336 = 0. Let f = -7 - -38. Calculate the highest common factor of x and f.
31
Suppose -5*w + 167 = -43. What is the greatest common factor of 56 and w?
14
Let m be 5 - (0 + -3 + 3). Suppose m*a - 2*a + 12 = 0. Let n = a + 14. What is the highest common factor of 20 and n?
10
Let j = -1373 - -1527. What is the highest common divisor of j and 476?
14
Suppose -6 - 2 = -4*d. Suppose 2*b - 4*k + 3*k - 20 = 0, -3*b - d*k = -23. Suppose l = -3 + 4. Calculate the greatest common factor of l and b.
1
Let k(m) = -m**3 + 2*m**2 + 4*m - 20. Let o be k(-5). What is the greatest common divisor of 81 and o?
27
Suppose 0 = 2*d - 1122 - 242. What is the highest common factor of 11 and d?
11
Suppose -44*w + 39*w + 15 = -x, 0 = 3*w + 3*x - 9. Suppose -1 - 5 = -2*l. What is the highest common factor of l and w?
3
Let a be (-2 + 7 - -148) + -1. Let m(j) = -j**3 - 6*j**2 - j + 2. Let v be m(-5). Let x be 1*(-2)/(-2) - v. What is the highest common factor of a and x?
19
Let u be 9/(-33) + (-2700)/(-220). Calculate the highest common divisor of 6 and u.
6
Suppose 4*a = 4, 2*a = 7*b - 3*b - 206. Suppose 550*m + 52 = 554*m. What is the greatest common divisor of m and b?
13
Suppose 0 = 3*i + 3*d - 45, 20*i - 4*d = 17*i + 10. Calculate the greatest common factor of i and 190.
10
Let w(v) = v**2 - 25. Let z be w(5). Suppose z = -5*p + 7 + 3. What is the highest common divisor of 2 and p?
2
Suppose 72 = 4*j - 3*v, -j - j + 26 = v. Suppose 135 = 2*u + 3*u. Let x = u + 3. Calculate the greatest common divisor of x and j.
15
Suppose 2*j - 4 = 0, -29*j + 30*j - 1068 = -s. What is the greatest common factor of s and 26?
26
Let c = 525 - -95. What is the greatest common divisor of 40 and c?
20
Let c(u) = u**3 + 31*u**2 + 27*u - 52. Let l be c(-30). What is the highest common divisor of l and 8?
2
Let g = 4 + -12. Let c = -5 - g. Suppose -30 - 29 = -3*p + 5*z, -c*p + z + 43 = 0. What is the highest common factor of p and 117?
13
Suppose 0 = i + 2*z, 3*i + 5*z = -0*z + 5. Let f(a) = 2*a**2 - 15*a + 20. Let n be f(i). Calculate the greatest common divisor of 14 and n.
14
Let b be -2*(-1)/(-2)*-5. Suppose b*u + 193 = -m - m, -4 = -4*u. Let v be 1/(12/(-8))*m. What is the highest common factor of v and 44?
22
Let z = -85 + 109. What is the greatest common divisor of z and 576?
24
Suppose -3*c = 2*p - 5, 3*p + 70 - 55 = 0. What is the greatest common factor of 635 and c?
5
Let x = -537 + 5